= i**3 + 4*i**2 + i - 4. Give f(x).
2
Let w = 23 + -21. Let c be (-12)/7 + 2 - (-104)/28. Let s(o) = 1 + 2*o + 4*o - o**2 + o - c*o. Calculate s(w).
3
Let c(k) = -k**3 + 6*k**2 + 4*k + 24. Let x be c(7). Let s(a) = 10 + a**x - 13*a + 28*a - 13 - 4*a**2 - 9*a. Calculate s(4).
21
Let z(w) be the first derivative of w**3/3 + 3*w**2/2 - 7*w - 11794. Let j be (6 + -2)/(2/(-4)). Calculate z(j).
33
Let j(o) = -o - 1. Let z(s) = -s - 10. Let l(q) = -q - 1. Let v(t) = 5*l(t) - z(t). Let i(m) = 3*j(m) - v(m). Calculate i(4).
-4
Let j = -3700 + 3704. Let p(d) = -2*d + 7. Let g(l) = -2*l + 8. Let u(h) = -6*g(h) + 7*p(h). Give u(j).
-7
Let l = -16187 - -16190. Let u(m) = -1 - 3 + 6*m + 0. What is u(l)?
14
Let b(y) = y**3 - 25*y**2 + 2*y - 43. Let i = 28662 + -28637. Give b(i).
7
Let k(c) = -1731*c**2 - 5 + 869*c**2 + 864*c**2 + 3*c**3 - 4*c**3 + 3*c. Give k(2).
1
Suppose -19*z + 16*z + 3 = 0. Let v(l) = -24*l + 39*l - 14*l + z. Calculate v(4).
5
Let f(n) = 37*n + 106. Let y be f(-3). Let c(g) be the third derivative of -g**4/8 - g**3/3 - 9*g**2. Calculate c(y).
13
Let g(n) be the first derivative of -2*n**3/3 - 25*n**2/2 + 19*n - 5160. Determine g(-14).
-23
Let u(o) = -o + 15. Let c be u(19). Let r(y) = 5*y**2 + 6*y - 7. Let f(l) = 14*l**2 + 18*l - 20. Let q(p) = c*f(p) + 11*r(p). Give q(-5).
8
Let i(r) = 35 + 52*r - 82*r + 32*r. What is i(-15)?
5
Let k(g) = -9*g + 12. Suppose 29*b + 38*b = 81*b - 28. Give k(b).
-6
Let t = -7573 - -7564. Let o(q) = q**2 + 4*q - 21. Determine o(t).
24
Let m(a) = 3*a**2 + 3*a. Let d be (-8 - -22)*(18/(-7))/(-3). Let i be (-5 + d/3)*0 + -2. Calculate m(i).
6
Suppose 4*a + 0 - 112 = 4*c, 5*a - 3*c = 150. Suppose -34*v + a*v + 7 = 0. Suppose 5*s + v = 2. Let l(p) = 6*p**3 + 2*p**2 - 1. Give l(s).
-5
Let y(r) = -r - 137. Let p(x) = -x**2 - 8*x + 9. Let o be p(2). Let g(i) = 27. Let k(q) = o*g(q) - 2*y(q). Determine k(7).
-9
Let b = 237 + -118. Suppose 9*f = -b + 47. Let z(h) = h + 6. Calculate z(f).
-2
Let c(j) be the third derivative of -j**5/60 - j**4/24 + 8*j**3/3 - 56*j**2 + j. What is c(-7)?
-26
Let z(s) = -s**2 - 10*s - 13. Let u(i) = -9*i + 2*i - 780 + 604. Let f be u(-24). Determine z(f).
3
Let b(x) = 28 - 143 + 36 - 6*x + 56 + 42. Calculate b(3).
1
Let o(h) = -h**2 - 230*h - 11282. Let g be o(-71). Let d(b) = b**3 - 7*b**2 + b + 14. Give d(g).
21
Let m be -1 - (-8)/(-4) - -2. Let j = m - 6. Let v(t) be the first derivative of -t**3/3 - 9*t**2/2 - 7*t + 1277. Determine v(j).
7
Let x(j) = -j**3 + 7*j**2 - 307*j - 1393. Let y be x(-4). Let t(h) = 2 - 10 - 18 + 2*h. Give t(y).
-4
Let u(f) = -f**2 - 39*f - 338. Let d be u(-13). Let a(g) = 2*g**2 - 7*g + 30. Determine a(d).
30
Let x(j) = j**3 + 7*j**2 + 2*j + 6. Let n be 708/(-90) + 166/(-1245). Calculate x(n).
-74
Let g be (-4)/14 - 512/(-28). Suppose -5*j = -8*j + 9. Suppose g = -j*c - 0. Let m(o) = -o**2 - 6*o + 1. Give m(c).
1
Let t(n) = -4*n**2 + 4*n - 4. Let p(g) = g - 1. Let s(q) = 4*p(q) - t(q). Let f be s(-1). Let y(a) = f - a**3 - 8*a**2 + 19*a - 39*a + 30*a. Give y(-9).
-5
Let p(v) = v**3 + 8*v**2 - 12*v + 11. Let u(l) = l**3 + 8*l**2 - 10*l + 5. Let o(a) = 3*p(a) - 4*u(a). Give o(-8).
-19
Let j(h) = -25*h + 23. Let u(m) = -3*m + 4. Let a be u(1). Let k be j(a). Let g(y) = 4*y**2 + 6*y + 2. Determine g(k).
6
Let b(s) = -2*s**3 - 3. Let h = -200 - -200. What is b(h)?
-3
Let b(a) = 15*a - 9. Let o(s) be the third derivative of s**4/6 - s**3/6 - 111*s**2. Let c(z) = b(z) - 6*o(z). Calculate c(4).
-39
Let a(q) be the second derivative of q**5/20 + q**4/3 - q**3/2 + 6*q**2 - 2211*q. Determine a(-5).
2
Let a(g) be the first derivative of 4*g**2 + 64*g + 112. Determine a(-8).
0
Let w(y) = 9*y - 2867 - y**2 + 1432 + 1431. Let t = 9 - 1. Calculate w(t).
4
Suppose 5*t - 20 = 78*y - 83*y, -5*t = -y - 8. Let b(f) = -6*f - 1. Let z be b(-1). Let i be t/(4/10) + -5 + z. Let q(l) = -l**2 + 7*l - 5. Calculate q(i).
5
Let q(o) be the first derivative of o**3/3 + 3*o**2/2 + 21*o + 229. What is q(0)?
21
Let a(p) be the first derivative of -p**3/3 - 31*p - 32. Let g(t) be the first derivative of a(t). Give g(2).
-4
Let n(s) = -s**3 + 9*s**2 - 7*s - 3. Suppose -5*i = -12*i - 4*i. Suppose 4*u + 5*w = 52, 2*w + i*w = -3*u + 32. Give n(u).
5
Let r(m) be the second derivative of m**5/20 + m**4/6 - 5*m**3/3 - 2796*m. What is r(-4)?
8
Let z(x) = -175*x - 111*x + 51 + 275*x. Calculate z(4).
7
Let c(y) = y**3 - 17*y**2 - 9*y + 161. Let m be c(17). Suppose -w = 2*j - 3 - 0, -5*w + 15 = -5*j. Let l(b) = -2*b - w - 6 + 2*b + 9*b - b**2. Determine l(m).
-1
Let i(j) = -j + 4. Let n(u) = -121*u - 110*u + 4 + 229*u. Suppose -3*d - 4*v + 8*v + 21 = 0, d + 9 = -4*v. Let x(s) = d*i(s) - 2*n(s). Give x(-4).
0
Let s(x) = -3*x**3 + 2*x**2 + 3*x - 8. Suppose 0 = -4*r - 3*k - 65 + 56, 3*r = 4*k + 37. Calculate s(r).
-62
Suppose 27 = n + 8*n. Let z(g) = 4*g**2 + 5 - 12 + 0 + 0*g**3 + g**n - 5*g. Calculate z(-5).
-7
Let m(r) = -r**2 - 3*r - 3. Suppose -52 = -5*v + 8. Suppose -6*u = v - 0. Let h be 1/((7/(35/u))/2). Determine m(h).
-13
Let r(k) be the first derivative of k**4/4 + 8*k**3/3 + 6*k**2 - 5872. Give r(-6).
0
Let k(a) be the third derivative of -1/60*a**5 - 3/8*a**4 - 9*a**2 + 0*a + 1/3*a**3 + 3. Give k(-7).
16
Let q(o) = o**2 + 19*o - 66. Let j be 132/15*435/(-174). Give q(j).
0
Let n(k) = -k**2 - 7*k + 5. Let z be n(-6). Let l = 13 - z. Suppose -x = -l*f + 1, -5*x + 2*x + 37 = 4*f. Let d(r) = -r**3 + 8*r**2 - 8*r + 6. Determine d(x).
-1
Let z = 17 - 14. Let l(b) = b**3 + b**2 + 2865*b - 2868*b - 2*b**2 + 4. What is l(z)?
13
Suppose 62*v = 76*v. Let h(m) = -1 + 0 + v + m**2 + 7343*m - 7354*m. Let i be (-202)/(-18) - 12/54. Give h(i).
-1
Let y(g) = -g**2 + 449*g + 1819. Let l be y(-4). Let q(z) = -4*z + 11. Determine q(l).
-17
Let k(i) = -7*i - 4. Let g(q) = 6*q + 3. Let c(f) = -5*g(f) - 4*k(f). Let w be c(1). Let z(b) = -16*b + 1 + 2*b**3 - 25*b + 43*b. What is z(w)?
-3
Suppose -4*p - 2 = -2*x + 6, -5*x = 3*p - 7. Let f(l) = 10*l + x*l + 12*l + 3*l. Suppose r - 3*r = -2. Determine f(r).
27
Suppose 0*k + 2*k - 118 = 3*z, -2*k + 116 = -4*z. Let d(f) = k*f - 5 - 61*f - 1. Let m = -2 + 2. Determine d(m).
-6
Let j be (4/14)/(15/((-1575)/(-10))). Let n(t) = 22*t + 7*t**2 + 2*t**2 + 4 - 24*t - 2*t**3 + j*t**3 + 13*t. Let m be 0 - (-3)/((-6)/16). Calculate n(m).
-20
Let b(o) = -4*o**2 - 20*o - 25. Suppose 451*n = -1926 + 573. What is b(n)?
-1
Let r be 6*1/2 + -3. Suppose r = -g - 3*g - 2*i, 0 = 2*g + 5*i. Let n(z) be the second derivative of z**3/6 - 4*z**2 - 3*z + 19. Calculate n(g).
-8
Let h = 6127 + -6124. Let k(z) = -4*z**2 + 2 + 2*z + 11*z**3 - 5*z**3 - 4*z**3 - 6. Determine k(h).
20
Let y(c) = c**2 - 4*c - 6. Suppose -5*w - 20 = -4*h, 14*h - 16*h = -2*w - 10. Give y(w).
-6
Let l(v) = 11*v**3 - 10*v**2 - 5*v - 20. Let k(d) = -24*d**3 + 20*d**2 + 9*d + 42. Let y(b) = 6*k(b) + 13*l(b). Calculate y(-7).
-78
Let d(y) = y**3 + 41*y**2 + 107*y + 1123. Let g be d(-39). Let j(i) = -2*i**2 - 37*i - 160. Calculate j(g).
8
Let f(c) be the first derivative of -c**2/2 + c + 3. Let n = -1388 + 1393. Give f(n).
-4
Let d(v) be the third derivative of -v**6/15 - v**5/10 + 7*v**4/24 - v**3/6 + 42*v**2 - v + 6. Determine d(1).
-8
Let d be 392/(-686)*7/(-2). Let g(k) = -7*k + 26 - 565*k**d + 564*k**2 - 27. Give g(-6).
5
Let x(n) = 11*n**2 - 6 + 3557607*n**3 + 2*n - 19 - 3557608*n**3. Give x(11).
-3
Let i(m) = 7*m + 137. Suppose -o - 19 = -3*v - 2*v, o + v + 19 = 0. Calculate i(o).
4
Let i(y) = 11*y - 163. Let v be (-9 - (168/(-16) + -9))*(2 + 0). What is i(v)?
68
Let y(v) = 5*v**3 - 2*v**3 - 2*v**2 + 1 + v - 2*v**3. Let t = -168147 - -168150. Calculate y(t).
13
Let a(t) = -t**3 - 5*t**2 + 17*t + 58. Let y be a(-6). Suppose 2*z - 8 = -0*z. Let x(w) = -w + z*w - 1 - 2*w. Determine x(y).
-9
Let f = 33 - 42. Let r(w) be the first derivative of -w**4/4 - 3*w**3 - 8*w + 13. Determine r(f).
-8
Let v(h) = h**3 - 2*h**2 - 18*h. Let m(z) = 4*z**3 - 7*z**2 - 35*z + 7. Let p(g) = m(g) - 2*v(g). Determine p(-3).
-77
Let v(p) = 31 + 17*p + 33*p - 31*p. What is v(-4)?
-45
Let a(l) = -l**3 - l**2 - l. Let p be a(-1). Let r(v) = -25 + 24 - 20932*v + 20946*v. Give r(p).
13
Let q be (45/(-18))/(2/16*4). Let u(s) = -4*s**2 + 5*s**2 + 3*s - 2*s**2 + 3*s**2 - 2 + s. Give u(q).
28
Let p(c) = c**3 + 8*c**2 - 7*c + 9. Suppose 5*o + 5*a - 28 +